Suppose -5*b = -g - 125. What is the tens digit of b?
2
Let q(d) = -d. Let i be q(2). Let m = i + 6. What is the tens digit of (60/8)/(3/m)?
1
Let w be (-5 - -3)/(1/(-10)). Suppose 5*y + w = 0, 2*p - 7*y = -3*y + 22. Suppose -38 = -5*z - p. What is the units digit of z?
7
Let q(m) = 10*m + 5. What is the tens digit of q(4)?
4
Suppose 3*t = s + 1, -6*s + 4*s = -3*t - 1. Let n be ((-6)/(-4))/((-6)/(-16)). Suppose 2 = s*l - n. What is the units digit of l?
3
Suppose 8 = 5*l - g, 2*l - 4*g = -2*l. Let t = 1 - -1. Suppose 2*d + l*j - 4 = -2, 0 = -2*d + t*j + 10. What is the units digit of d?
3
Suppose -5*r = -91 - 159. What is the units digit of r?
0
Suppose -3*x + j + 105 - 21 = 0, -x + 20 = -3*j. What is the tens digit of x?
2
Let j = -3 - -6. Let n be 0/(j/(-3) - -2). Suppose 2*s + 3*u - 10 = n, 2*u - 25 = -3*s - 0*s. What is the units digit of s?
1
Let g(r) = r**2 + 5*r. Let x be g(-4). Let h = x + 6. Let o(u) = u**2 + 2*u - 2. What is the units digit of o(h)?
6
Let q(l) = l**3 + 10*l**2 + l + 1. What is the units digit of q(-9)?
3
Suppose 2*t - 1 = 3, 2*m = -t + 10. Suppose 0 = -3*o - 12 + 87. Suppose -n - m*n = -o. What is the units digit of n?
5
Suppose -9*q + 428 = -5*q. What is the hundreds digit of q?
1
Let w(a) = -a + 8. Let n(g) = -g + 7. Let b(z) = 6*n(z) - 5*w(z). What is the units digit of b(-11)?
3
Let f(u) be the third derivative of -u**5/60 + u**4/3 - 5*u**3/6 - 2*u**2. Let g = -10 - -16. What is the units digit of f(g)?
7
Suppose -4*n = -0*l - 2*l + 110, n = 4*l - 199. What is the units digit of l?
9
What is the tens digit of (-138)/5*(-60)/18?
9
Let p(t) be the third derivative of t**7/5040 + t**6/120 - t**5/60 - 2*t**2. Let l(m) be the third derivative of p(m). What is the units digit of l(0)?
6
Suppose -5 = -6*t + 7. Suppose z - 2*z = -t*i + 69, -3*i + 107 = 2*z. What is the units digit of i?
5
Suppose r - 12 - 1 = 0. Let a = r - 8. What is the units digit of a?
5
Suppose -v - v = -66. What is the units digit of v?
3
Suppose 169 + 608 = 7*i. What is the hundreds digit of i?
1
Let k be (-318)/(-8) + 4/16. Let m = -9 + k. What is the tens digit of m?
3
Let i(q) = 3*q**2 - 72*q + 5. What is the units digit of i(24)?
5
What is the hundreds digit of 208/((-2)/1)*(-1 - 0)?
1
Let w = -5 - -2. Let v = -11 - w. Let k = v - -13. What is the units digit of k?
5
Suppose -2*n - 2*n = -124. What is the tens digit of n?
3
Let j = 1 + 3. Suppose -s + 3*w + 63 = 3*s, 4*s - j*w - 68 = 0. What is the tens digit of s?
1
Let d(q) = -4*q + 11. What is the tens digit of d(-6)?
3
Let s(d) = d**3 - 2*d**2 - 5*d - 3. Let w be s(4). Let h = 4 + -5. Let f = w - h. What is the tens digit of f?
1
Suppose -2*k = -4*k - 2*z - 8, 4*k - z = 4. Suppose -5*c + 5*r + 22 = r, -3*c + 5*r + 21 = k. What is the units digit of (-1)/(-1) - c/(-2)?
2
Suppose 3*c - 27 = 24. What is the tens digit of c?
1
What is the tens digit of (32/(-6))/(1/(-6))?
3
Suppose -75 = -5*z - 5*i, z - 2*i = 3*i + 45. Suppose 6*k - z = 2*k. Let v(j) = -j**3 + 5*j**2 + 1. What is the units digit of v(k)?
1
Let b(f) = -f**2. Let r be b(-1). What is the units digit of 0 - r/((-2)/(-14))?
7
Suppose -32 = -4*h - 3*v - 93, 2*h + v + 29 = 0. Let g = h + 15. What is the units digit of g?
2
Suppose 2 = 2*u - 2. Suppose -3*m + 7*f = u*f - 41, 3*f = -3*m + 9. What is the units digit of m?
7
Suppose -61 - 23 = -4*f. What is the tens digit of f?
2
What is the units digit of 1/4 - (-476)/16?
0
Suppose -9*x + 4*x + 5 = 0. Suppose 0 = j - 4*h - 27, 3*j + x - 40 = -2*h. What is the units digit of j?
5
Let l be 2 + 3 + 3/(-1). Let n = l - -15. What is the tens digit of n?
1
Let k(i) = 3*i**2 + i + 5. What is the tens digit of k(3)?
3
Let j = 62 + 114. What is the hundreds digit of j?
1
Let h be (-96)/(-56) - (-4)/14. Let c(t) = 2*t - 2. What is the units digit of c(h)?
2
Let c be -7 - (-6)/9*3. Let q be ((-1)/3)/(c/45). Suppose -2*g = q*n - 9, -g - 2*n + 11 = 2*g. What is the units digit of g?
3
Let p(l) = 2*l**2 + 14*l**3 - 2*l + l**3 + 9*l**3 + 1. What is the units digit of p(1)?
5
Suppose 5*x - x = 16. Suppose x*z = -2*m + 32, 0*z + 32 = 5*m - 2*z. What is the units digit of m?
8
Let k = -28 - -64. What is the units digit of k/14 - (-4)/(-7)?
2
Let x be (-8)/12 - 2/(-3). Suppose -r + 4*j - 9 + 44 = 0, 5*r + 5*j - 50 = x. What is the units digit of r?
5
Suppose -3*k + 0*l + 202 = 5*l, -4*k - l = -292. What is the tens digit of k?
7
Let s(w) = -4*w + 2*w**2 + 1 - 1 - 2. Let h be s(5). What is the units digit of (-3)/2*h/(-6)?
7
Let h(i) = -16*i**2 - 4*i + 3. Let b be h(2). Let m = -36 - b. What is the tens digit of m?
3
Let u(n) be the second derivative of -n**4/12 - n**3 + 3*n**2/2 + n. Suppose -4*l - x = 4*x + 4, l = -x - 2. What is the units digit of u(l)?
3
Let q(j) = j**2 + j - 1. Let h(t) = t**3 - 8*t**2 - 9*t + 4. Let z(y) = h(y) + 5*q(y). What is the tens digit of z(5)?
2
Let v = 0 + 18. Suppose y - v = 4*i, y = -0*y - 2*i. What is the units digit of y?
6
Suppose -36 = 2*c + 5*k, c = -0*c + 5*k + 12. Let b = -5 - c. Suppose 0 = n + b*n - 12. What is the units digit of n?
3
Let a be -1 - -1 - (-1 - 4). Suppose k - 15 + a = 0. Let l = -1 + k. What is the units digit of l?
9
Let d(q) be the second derivative of 5*q**2 + 3/2*q**3 + 1/20*q**5 - 3/4*q**4 + 3*q + 0. What is the units digit of d(8)?
8
Suppose 3*l + 3 = 15. Suppose 0 = -o - l*o. Suppose o = -5*z + 3*x - 4, 0 = -6*z + z - 4*x + 17. What is the units digit of z?
1
Let f be (-12)/(-9)*3 + 0. Suppose -4*v + v + m + 4 = 0, f*m - 23 = -v. What is the units digit of 4 + v*3/9?
5
Let l(u) be the third derivative of -u**2 - 1/24*u**4 + 0 + 0*u + 17/6*u**3. What is the units digit of l(11)?
6
Suppose -3*b + 4 = r + 5, 0 = -5*r - 2*b - 31. What is the units digit of (-2)/((-4)/(-2)) - r?
6
Let j = 4 - 1. Suppose 2*g = -j*g. Suppose -4*y - 28 + 80 = g. What is the tens digit of y?
1
Suppose -2*o - v + 49 = o, 2*o = -5*v + 50. What is the units digit of o?
5
Let k = -1 + 3. Suppose -4*y = d - 8, 6*d + k*y - 112 = d. What is the tens digit of d?
2
Suppose 4*z = -0*z - 3*r + 145, 0 = 5*z - 4*r - 189. What is the units digit of z?
7
Let t(c) = 20*c**3. Let a be t(1). What is the units digit of 125/a - 6/(-8)?
7
Let d be (-2 + 2 - 1)*3. What is the units digit of ((-3)/d)/(1/29)?
9
Let t(m) = 4*m - 1. Let p(r) = -r**3 - 6*r**2 + r + 3. Let i be p(-6). Let n be t(i). Let z = n + 18. What is the units digit of z?
5
Suppose 8 = -z + 5*x, -4*z - 2*x + 37 = x. Let q be 98/35 + (-1)/(-5). Suppose 0 = -z*k + q*k + 28. What is the units digit of k?
7
Suppose 4*n + 2*z + 0 = 14, -2*n - 4*z = -10. Let k(t) = t**2 + 3 + n*t**2 + 5*t - 3*t**2. What is the units digit of k(-6)?
9
Suppose -1 = 5*s - 21. Let v be 32/12*6/s. Suppose v*g - 13 = 15. What is the units digit of g?
7
Suppose -2*g = -9*g + 518. What is the tens digit of g?
7
Suppose -3*k + 40 = k. Let q = k + 0. Suppose 22 - q = 2*c. What is the units digit of c?
6
Let d(q) = 16*q**2 - 5*q - 7. What is the hundreds digit of d(-5)?
4
Let g(z) = z**2 - z - 16. What is the tens digit of g(6)?
1
Let o = 27 - 42. Suppose 0 = 4*i + 4, 0*i - 18 = 4*s - 2*i. What is the units digit of (3/s)/(3/o)?
3
Suppose 0*i + i = 0. Suppose -5*d = -5, 2*k + i*k - 35 = -5*d. Let r = -8 + k. What is the units digit of r?
7
Let i(t) = -t + 14. Let f be i(9). Suppose 3*a + 2 = f*a. What is the units digit of a?
1
Let r(t) = 28*t**2 + 3*t. What is the tens digit of r(-2)?
0
Let x(v) = 2*v + 11. Let a(s) = -s**2 + 8*s + 9. Let m be a(8). Let z be x(m). Suppose -3*d - z = -6*d - u, 5*u = 5*d - 55. What is the units digit of d?
0
Let p = -6 - -15. Let h = 49 - p. What is the tens digit of h?
4
Suppose -4*d + 2 + 10 = 0. Let p = 6 - d. Suppose -p*c = 4*i - 26, 0*c - 33 = -4*c - 5*i. What is the units digit of c?
2
Let y(u) = 4 + 8*u - 2 - u**2 - 8. What is the units digit of y(5)?
9
Suppose -3*i + 8 = -u, 3*u + 6*i - 2 = 2*i. Let g be (3 + -2)*-3*1. Let c = u - g. What is the units digit of c?
1
Let n(h) = 3*h**2 + 2*h + 1. What is the units digit of n(6)?
1
Let r = 88 - 75. What is the tens digit of r?
1
Suppose 3*c - 13 - 17 = 0. Suppose 3*u + 2*u = 0. Let q = u + c. What is the tens digit of q?
1
Suppose -36 = -4*k - 4*y, -4*k - 3*y + 52 - 15 = 0. What is the units digit of ((-1)/(-3))/(k/180)?
6
What is the units digit of (4 - (126 + 2